*3 - 20*p**2 + 29*p + 51. What is y(-21)?
-117
Let d(t) = -167*t + 8684. Calculate d(52).
0
Let s(n) = n**2 + n - 106. Determine s(-13).
50
Let d(r) = r**3 - 4*r**2 - 9*r - 12. Determine d(-2).
-18
Let f(u) = -7*u - 5. Give f(-18).
121
Let c(m) = m**2 - 82*m + 632. Calculate c(9).
-25
Let c(s) = -387*s**2 + 13*s - 12. Determine c(1).
-386
Let l(v) = -28*v + 114. Give l(5).
-26
Let c(l) = l**3 - 24*l**2 + 131*l - 7. What is c(8)?
17
Let c(o) = 3*o**3 - 177*o**2 - 182*o + 132. Give c(60).
12
Let i(b) = 8*b + 625. Calculate i(-65).
105
Let q(m) = -79*m - 261. Calculate q(-3).
-24
Let f(d) = 841*d - 790. Determine f(1).
51
Let r(d) = 5*d**3 - 18*d**2 + 22*d - 78. Determine r(3).
-39
Let q(c) = -79*c - 1487. Give q(-19).
14
Let o(t) = 12*t**2 + 18*t + 10. Determine o(3).
172
Let f(z) = z**3 + 16*z**2 - 43*z - 392. What is f(-17)?
50
Let i(z) = -17*z - 871. What is i(-45)?
-106
Let z(t) = -t**3 + 5*t**2 + 118*t + 222. Calculate z(-2).
14
Let g(u) = -8*u + 31. Calculate g(6).
-17
Let g(l) = 5*l**3 + l**2 + l + 50. Determine g(0).
50
Let t(j) = j**3 - 12*j**2 - 5*j - 4. Give t(0).
-4
Let t(y) = 2*y - 224. What is t(22)?
-180
Let l(k) = 4322*k - 47535. Determine l(11).
7
Let w(o) = 180*o - 17271. Give w(96).
9
Let x(l) = 9983*l + 179690. Calculate x(-18).
-4
Let d(o) = -o**3 - 127*o**2 + 2616*o + 874. Give d(-145).
4
Let s(j) = j**3 - 2*j**2 + 5*j - 43. Calculate s(5).
57
Let n(x) = -9*x**3 + 6*x**2 - 251*x + 249. Give n(1).
-5
Let g(m) = -m**2 + 27*m + 377. What is g(37)?
7
Let h(w) = w**2 - 73*w + 679. Determine h(11).
-3
Let m(y) = 47*y + 875. Calculate m(-21).
-112
Let c(o) = 2*o**3 - 35*o**2 + 194*o - 329. Calculate c(7).
0
Let q(w) = -7*w**2 - 142*w + 95. Calculate q(-21).
-10
Let g(h) = 74*h - 24. Calculate g(10).
716
Let l(i) = -10*i**2 - 3*i - 1. Determine l(1).
-14
Let a(u) = -3*u**3 - 6*u**2 + 89*u + 93. What is a(-1)?
1
Let r(u) = -u**3 + 21*u**2 - 45*u + 11. Calculate r(2).
-3
Let g(y) = -183*y - 695. What is g(-4)?
37
Let n(y) = y**3 - 187*y**2 - 1159*y + 142. Calculate n(193).
-51
Let d(v) = -8514*v + 51063. Give d(6).
-21
Let s(v) = -17*v - 1484. Give s(-67).
-345
Let a(z) = -3*z**2 - 77*z + 149. Determine a(-14).
639
Let j(z) = -225*z - 8. What is j(0)?
-8
Let q(z) = z**2 + 11534*z + 23065. Calculate q(-2).
1
Let u(q) = 86*q - 5556. Calculate u(65).
34
Let s(f) = f**2 + 40*f - 281. Give s(6).
-5
Let s(w) = -w - 3. Give s(-34).
31
Let g(q) = -q**3 + 6*q**2 + 6*q + 1. Give g(9).
-188
Let b(r) = 58*r - 1246. Determine b(21).
-28
Let k(f) = -2*f**2 + 54*f + 4703. Give k(64).
-33
Let z(h) = -364*h - 18921. Give z(-52).
7
Let y(b) = -372*b + 2745. What is y(7)?
141
Let c(w) = -72*w**2 + 66*w. Give c(1).
-6
Let p(c) = c**2 + 425*c + 852. Calculate p(-2).
6
Let a(r) = 128*r - 6262. What is a(49)?
10
Let c(i) = -112*i - 11. Calculate c(2).
-235
Let o(k) = 6*k**2 - 119*k + 466. Determine o(4).
86
Let r(f) = f**2 + 3*f - 18355. Calculate r(134).
3
Let c(u) = 5390*u - 5385. Give c(1).
5
Let d(o) = -o**3 - 155*o**2 - 898*o - 601. Give d(-149).
-5
Let f(h) = -367*h - 5137. Give f(-14).
1
Let t(h) = -2*h**3 + 8*h**2 + 8*h - 75. Calculate t(7).
-313
Let x(p) = -3*p**3 + 8*p**2 - p - 10. Calculate x(5).
-190
Let v(x) = -26*x**2 + 5*x + 19. Calculate v(-2).
-95
Let l(w) = w**3 + 59*w**2 - 187*w - 44. Determine l(-62).
18
Let k(g) = 26*g - 662. Calculate k(24).
-38
Let f(b) = 4*b**2 + 102*b - 17. Determine f(-25).
-67
Let n(s) = -5*s**3 - 191*s**2 - 37*s + 39. Give n(-38).
1
Let b(a) = -46*a + 502. Give b(8).
134
Let t(f) = -64*f - 152. Give t(-15).
808
Let k(z) = -6*z**3 + 14*z**2 + 13*z - 15. Calculate k(2).
19
Let a(c) = 222*c + 6674. Calculate a(-30).
14
Let d(k) = -29*k - 2409. Give d(-81).
-60
Let m(i) = -79*i - 2615. What is m(-33)?
-8
Let m(p) = -p**2 + 45*p + 136. What is m(46)?
90
Let y(j) = 3*j**2 + 36*j - 508. Calculate y(-20).
-28
Let x(l) = -l**3 - 124*l**2 - 475*l + 606. What is x(-120)?
6
Let x(z) = -91*z + 914. Determine x(10).
4
Let z(l) = -53*l - 1599. Determine z(-31).
44
Let a(j) = -j**3 - 24*j**2 - 148*j - 69. What is a(-13)?
-4
Let v(b) = 15*b + 73. Determine v(-8).
-47
Let h(c) = c**3 + 9*c**2 + 18*c + 1. Determine h(-9).
-161
Let m(q) = -45*q**2 - 755*q + 1511. Give m(2).
-179
Let z(c) = 665*c**2 - 1987*c - 19. What is z(3)?
5
Let t(j) = 2*j**3 + 40*j**2 - 34*j + 4. Calculate t(-21).
-164
Let j(a) = -7*a**3 - 23*a**2 - 5*a - 17. Determine j(-4).
83
Let n(l) = -6341*l + 25412. Give n(4).
48
Let a(h) = h**3 - 38*h**2 + 61*h - 265. Give a(37).
623
Let o(y) = -y**3 - 41*y**2 + 2*y + 84. Calculate o(-41).
2
Let g(b) = -3*b**2 - 15*b + 13. Give g(1).
-5
Let t(m) = m**3 - 30*m**2 - 64*m + 21. What is t(32)?
21
Let i(q) = -283*q + 988. Determine i(6).
-710
Let r(i) = i**2 - 106*i - 20594. Determine r(-100).
6
Let p(z) = 30*z - 428. What is p(16)?
52
Let q(o) = o**3 + 16*o**2 - 68*o - 8. Give q(-19).
201
Let m(l) = -3*l**3 - 98*l**2 + 47*l + 457. What is m(-33)?
-5
Let o(h) = -2821*h + 11264. Calculate o(4).
-20
Let z(s) = -5*s + 431. Calculate z(90).
-19
Let z(p) = -50*p - 508. Give z(-21).
542
Let m(s) = 570*s - 49581. Determine m(87).
9
Let y(g) = 2*g**3 - 3*g**2 - 66*g - 3. Calculate y(-5).
2
Let o(f) = -9709*f - 87375. Determine o(-9).
6
Let b(y) = 19*y**2 - 55*y - 168. What is b(-3)?
168
Let f(g) = -g**3 - 30*g**2 - 217*g - 2. Give f(-9).
250
Let a(u) = 1689*u - 10119. What is a(6)?
15
Let t(k) = k**2 - 135*k - 1361. Calculate t(145).
89
Let y(m) = -25*m + 7. What is y(-3)?
82
Let s(i) = 102*i - 271. What is s(3)?
35
Let n(k) = -k**3 - 81*k**2 - 454*k - 293. Give n(-75).
7
Let z(l) = l**3 - 24*l**2 - 17*l + 918. Calculate z(23).
-2
Let x(r) = r**3 - 37*r**2 + 102*r + 2615. Calculate x(31).
11
Let y(h) = h**3 + 12*h**2 - 9*h - 42. What is y(-8)?
286
Let m(j) = -2*j**2 + 269*j - 389. Give m(133).
10
Let s(j) = -14*j - 537. What is s(-22)?
-229
Let k(n) = -n**2 - 50*n - 558. What is k(-32)?
18
Let v(c) = -c**3 - 10*c**2 + 19*c - 71. Determine v(-12).
-11
Let p(x) = 6*x**2 - 12*x - 76. What is p(-5)?
134
Let s(c) = -21*c**2 - 139*c + 275. What is s(2)?
-87
Let u(y) = y**2 - 406*y + 13016. Give u(35).
31
Let b(t) = -49*t**2 + 242*t + 14. Give b(5).
-1
Let p(a) = -7*a**2 - 496*a + 133. Determine p(-71).
62
Let a(g) = -36*g - 18. What is a(0)?
-18
Let w(p) = 658*p - 2254. Calculate w(3).
-280
Let z(j) = -177*j**2 + 6*j - 5. Determine z(1).
-176
Let x(y) = y**2 + 6*y - 51. Calculate x(-21).
264
Let h(y) = y**2 + 62*y - 116. Calculate h(-64).
12
Let y(l) = l**2 - 62*l - 57. Give y(-1).
6
Let y(o) = -865*o + 88234. What is y(102)?
4
Let n(g) = 31*g**2 + 441*g + 2. Give n(-14).
-96
Let q(x) = 18*x**2 - 126*x - 137. Determine q(8).
7
Let v(x) = -x**3 - 10*x**2 + 159*x + 262. Give v(-18).
-8
Let g(r) = 25178*r - 25182. Determine g(1).
-4
Let h(k) = -k**3 + 7*k**2 - 82*k + 233. What is h(3)?
23
Let d(n) = 2*n**3 - 15*n**2 - 9*n + 23. What is d(8)?
15
Let a(g) = -118*g**3 + 27*g**2 + 28*g + 1. Give a(-1).
118
Let h(v) = v**3 - v**2 - 11*v + 45. What is h(5)?
90
Let p(k) = -k + 50. What is p(-25)?
75
Let f(s) = 5*s + 74. Calculate f(11).
129
Let n(o) = o**3 + 34*o**2 + 158*o - 4. Determine n(-28).
276
Let o(q) = 2966*q + 2970. Determine o(-1).
4
Let c(n) = -n**2 + 285*n - 10115. What is c(42)?
91
Let y(c) = 165*c - 20638. Calculate y(125).
-13
Let n(b) = -8*b**2 + 236*b - 42. Determine n(28).
294
Let g(u) = 127*u - 2487. What is g(20)?
53
Let u(k) = 103*k + 2319. What is u(-25)?
-256
Let v(i) = -i**3 + 8*i**2 - 6*i - 22. Give v(6).
14
Let p(y) = 20*y**2 - y. Determine p(-2).
82
Let s(u) = -187*u - 585. What is s(-3)?
-24
Let n(a) = -16*a - 300. Determine n(-15).
-60
Let t(u) = u + 66. What is t(18)?
84
Let h(q) = -q**3 + 5*q**2 + 22*q + 15. What is h(8)?
-1
Let w(i) = -i**2 - 127*i + 508. What is w(-131)?
-16
Let f(r) = -575*r**2 + 7475*r + 6. Determine f(13).
6
Let p(n) = -14*n + 1325. Calculate p(46).
681
Let s(c) = 45*c - 228. Give s(7).
87
Let v(g) = 40*g**2 + 289*g + 43. What is v(-7)?
-20
Let a(g) = 511*g + 16867. Give a(-33).
4
Let k(c) = -19*c**2 - 416*c - 3. Determine k(-23).
-486
Let t(v) = 2596*v + 25970. Determine t(-10).
10
Let m(g) = 53*g**2 - 1117*g + 104. What is m(21)?
20
Let f(g) = -31*g**2 - 399*g + 56. What is f(-13)?
4
Let p(v) = -350*v + 2447. Give p(7).
-3
Let k(f) = 32*f - 1. What is k(3)?
95
Let n(p) = -p**3 + 36*p**2 